{"id":378,"date":"2022-06-14T17:14:11","date_gmt":"2022-06-14T17:14:11","guid":{"rendered":"https:\/\/validthemes.net\/themeforest\/wp\/crysa\/?page_id=378"},"modified":"2023-10-28T19:29:17","modified_gmt":"2023-10-28T16:29:17","slug":"hakkimizda","status":"publish","type":"page","link":"https:\/\/adabilgisayar.com.tr\/index.php\/hakkimizda\/","title":{"rendered":"Hakk\u0131m\u0131zda"},"content":{"rendered":"\t\t<div data-elementor-type=\"wp-page\" data-elementor-id=\"378\" class=\"elementor elementor-378\">\n\t\t\t\t\t\t\t\t\t<section class=\"elementor-section elementor-top-section elementor-element elementor-element-a97a70f elementor-section-full_width elementor-section-stretched elementor-section-height-default elementor-section-height-default\" data-id=\"a97a70f\" data-element_type=\"section\" data-settings=\"{&quot;stretch_section&quot;:&quot;section-stretched&quot;}\">\n\t\t\t\t\t\t\t<div class=\"elementor-background-overlay\"><\/div>\n\t\t\t\t\t\t\t<div class=\"elementor-container elementor-column-gap-no\">\n\t\t\t\t\t<div class=\"elementor-column elementor-col-100 elementor-top-column elementor-element elementor-element-70b44d8\" data-id=\"70b44d8\" data-element_type=\"column\">\n\t\t\t<div class=\"elementor-widget-wrap elementor-element-populated\">\n\t\t\t\t\t\t\t\t<section class=\"elementor-section elementor-inner-section elementor-element elementor-element-238ccbf about-page elementor-section-boxed elementor-section-height-default elementor-section-height-default\" data-id=\"238ccbf\" data-element_type=\"section\">\n\t\t\t\t\t\t<div class=\"elementor-container elementor-column-gap-no\">\n\t\t\t\t\t<div class=\"elementor-column elementor-col-50 elementor-inner-column elementor-element elementor-element-9b1c3f9\" data-id=\"9b1c3f9\" data-element_type=\"column\">\n\t\t\t<div class=\"elementor-widget-wrap elementor-element-populated\">\n\t\t\t\t\t\t\t\t<div class=\"elementor-element elementor-element-0ad5676 elementor-widget elementor-widget-about_image\" data-id=\"0ad5676\" data-element_type=\"widget\" data-widget_type=\"about_image.default\">\n\t\t\t\t<div class=\"elementor-widget-container\">\n\t\t\t\t    <div class=\"about-style-one\">\r\n            <div class=\"thumb\">\r\n                <img decoding=\"async\" src=\"https:\/\/adabilgisayar.com.tr\/wp-content\/uploads\/2023\/10\/1338566940.jpeg\" alt=\"Ada Bilgisayar &amp; G\u00fcvenlik Sistemleri\">\r\n                                <div class=\"thumb-shape\">\r\n                    <div class=\"shape\"><\/div>\r\n                    <div class=\"shape\"><\/div>\r\n                    <div class=\"shape\"><\/div>\r\n                    <div class=\"shape\"><\/div>\r\n                    <div class=\"shape\"><\/div>\r\n                <\/div>\r\n            <\/div>\r\n        <\/div>\r\n    \t\t<\/div>\n\t\t\t\t<\/div>\n\t\t\t\t\t<\/div>\n\t\t<\/div>\n\t\t\t\t<div class=\"elementor-column elementor-col-50 elementor-inner-column elementor-element elementor-element-3c78675\" data-id=\"3c78675\" data-element_type=\"column\">\n\t\t\t<div class=\"elementor-widget-wrap elementor-element-populated\">\n\t\t\t\t\t\t\t\t<div class=\"elementor-element elementor-element-2cd9f63 elementor-widget elementor-widget-about_content\" data-id=\"2cd9f63\" data-element_type=\"widget\" data-widget_type=\"about_content.default\">\n\t\t\t\t<div class=\"elementor-widget-container\">\n\t\t\t    \t <div class=\"about-style-four\">\r\n            <h4 class=\"sub-heading mb-20\">B\u0130Z K\u0130M\u0130Z?<\/h4>\r\n            <h2 class=\"heading\">ADA Bilgisayar & G\u00fcvenlik<\/h2>\r\n            <p class=\"mb-0\">\r\n                 Firmam\u0131z y\u0131llar\u0131n vermi\u015f oldu\u011fu tecr\u00fcbe ve bilgi birikimiyle bili\u015fim sekt\u00f6r\u00fcnde se\u00e7kin bir yere sahip olmu\u015ftur.\n\nADA Bilgisayar, kar\u015f\u0131l\u0131kl\u0131 g\u00fcvene dayal\u0131, insan\u0131 merkez alan i\u015f anlay\u0131\u015f\u0131 ve sekt\u00f6r\u00fcnde bilgi, tecr\u00fcbe birikimi ve g\u00fcvenilirli\u011fi ile meslek ahlak\u0131 ve hizmet kalitesini temel alarak yerli ve yabanc\u0131 uyruklu m\u00fc\u015fterilerine fayda sa\u011flamay\u0131 ama\u00e7 edinmi\u015ftir.\n\nADA Bilgisayar, sadece sat\u0131\u015f hizmetleriyle s\u0131n\u0131rl\u0131 kalmay\u0131p, \u00fcr\u00fcnlerin kalitesi, fiyat\u0131, teslimat\u0131, teknik deste\u011fi, garanti uygulamalar\u0131 gibi sat\u0131\u015f sonras\u0131 hizmetlerinde de sorumluluk bilinci ta\u015f\u0131maktad\u0131r.\n\nADA Bilgisayar, yaz\u0131c\u0131 ve bilgisayar sarf malzemelerinin sat\u0131\u015f\u0131n\u0131n yan\u0131 s\u0131ra marka g\u00f6zetmeksizin bilgisayar, notebook, tablet, all in one (hepsi bir arada), kamera hizmetleri, alarm hizmetleri vs, t\u00fcm bilgisayarlar\u0131n tamiri ve onar\u0131m\u0131 ile profesyonel teknik servis hizmeti vermektedir. Ayriyeten m\u00fc\u015fterilerine ve civardaki firmalara yerinde destek teknik servis hizmeti vermektedir.            <\/p>\r\n                              <\/div>\r\n    \t\t<\/div>\n\t\t\t\t<\/div>\n\t\t\t\t\t<\/div>\n\t\t<\/div>\n\t\t\t\t\t\t\t<\/div>\n\t\t<\/section>\n\t\t\t\t\t<\/div>\n\t\t<\/div>\n\t\t\t\t\t\t\t<\/div>\n\t\t<\/section>\n\t\t\t\t<section class=\"elementor-section elementor-top-section elementor-element elementor-element-3fb03a9 elementor-section-full_width elementor-section-stretched elementor-section-height-default elementor-section-height-default\" data-id=\"3fb03a9\" data-element_type=\"section\" data-settings=\"{&quot;stretch_section&quot;:&quot;section-stretched&quot;}\">\n\t\t\t\t\t\t<div class=\"elementor-container elementor-column-gap-no\">\n\t\t\t\t\t<div class=\"elementor-column elementor-col-100 elementor-top-column elementor-element elementor-element-0ba2fda\" data-id=\"0ba2fda\" data-element_type=\"column\">\n\t\t\t<div class=\"elementor-widget-wrap elementor-element-populated\">\n\t\t\t\t\t\t\t\t<section class=\"elementor-section elementor-inner-section elementor-element elementor-element-753daa8 elementor-section-boxed elementor-section-height-default elementor-section-height-default\" data-id=\"753daa8\" data-element_type=\"section\">\n\t\t\t\t\t\t<div class=\"elementor-container elementor-column-gap-no\">\n\t\t\t\t\t<div class=\"elementor-column elementor-col-50 elementor-inner-column elementor-element elementor-element-0ff874e\" data-id=\"0ff874e\" data-element_type=\"column\">\n\t\t\t<div class=\"elementor-widget-wrap elementor-element-populated\">\n\t\t\t\t\t\t\t\t<div class=\"elementor-element elementor-element-137b06d elementor-widget elementor-widget-crysa_achivemnt_one\" data-id=\"137b06d\" data-element_type=\"widget\" data-widget_type=\"crysa_achivemnt_one.default\">\n\t\t\t\t<div class=\"elementor-widget-container\">\n\t\t\t\t<!-- Start Achivements Style One\r\n    ============================================= -->\r\n    <div class=\"achivement-style-one text-light\">\r\n        <div class=\"item\" style=\"background-image: url(https:\/\/validthemes.net\/themeforest\/wp\/crysa\/wp-content\/uploads\/2022\/06\/33.jpg);\">\r\n            <div class=\"progressbar\">\r\n                <div class=\"circle\" data-percent=\"100\">\r\n                    <strong><\/strong>\r\n                <\/div>\r\n            <\/div>\r\n            <div class=\"content\">\r\n                <h4>M\u00fc\u015fteri memnuniyeti<\/h4>\r\n                <p>Siz de\u011ferli m\u00fc\u015fterilerimize verdi\u011fimiz hizmetin sorunsuz ve devaml\u0131l\u0131\u011f\u0131 i\u00e7in her \u015feyi yap\u0131yoruz. Size sundu\u011fumuz hizmet kar\u015f\u0131l\u0131\u011f\u0131nda sizin memnuniyetinizi arzuluyoruz.<\/p>\r\n            <\/div>\r\n        <\/div>\r\n    <\/div>\r\n    <!-- End Achivements Style One -->\r\n\t\t\t<\/div>\n\t\t\t\t<\/div>\n\t\t\t\t\t<\/div>\n\t\t<\/div>\n\t\t\t\t<div class=\"elementor-column elementor-col-50 elementor-inner-column elementor-element elementor-element-7550f8d\" data-id=\"7550f8d\" data-element_type=\"column\">\n\t\t\t<div class=\"elementor-widget-wrap elementor-element-populated\">\n\t\t\t\t\t\t\t\t<div class=\"elementor-element elementor-element-d8e1f17 elementor-widget elementor-widget-crysa_achivemnt_two\" data-id=\"d8e1f17\" data-element_type=\"widget\" data-widget_type=\"crysa_achivemnt_two.default\">\n\t\t\t\t<div class=\"elementor-widget-container\">\n\t\t\t\t<!-- Start Achivements Style Two\r\n    ============================================= -->\r\n   \t<div class=\"achivement-style-one\">\r\n        <div class=\"item bg-gradient text-light\">\r\n            <div class=\"content\">\r\n                <div class=\"achivement\">\r\n                    <div class=\"fun-fact\">\r\n                        <div class=\"counter\">\r\n                            <div class=\"timer\" data-to=\"145\" data-speed=\"1000\">145<\/div><div class=\"operator\"><\/div>\r\n                        <\/div>\r\n                        <h4>Tamamlanm\u0131\u015f Hizmetler<\/h4>\r\n                    <\/div>\r\n                <\/div>\r\n                <p>145 De\u011ferli m\u00fc\u015fterimiz bizi tercih etti\u011fi i\u00e7in te\u015fekk\u00fcr ediyoruz. G\u00fcvenlik Hizmetleri, Server Kurulumu, Ak\u0131nsoft Programlar\u0131 ve daha fazlas\u0131...<\/p>\r\n            <\/div>\r\n        <\/div>\r\n    <\/div>\r\n    <!-- End Achivements Style Two -->\r\n\t\t\t<\/div>\n\t\t\t\t<\/div>\n\t\t\t\t\t<\/div>\n\t\t<\/div>\n\t\t\t\t\t\t\t<\/div>\n\t\t<\/section>\n\t\t\t\t\t<\/div>\n\t\t<\/div>\n\t\t\t\t\t\t\t<\/div>\n\t\t<\/section>\n\t\t\t\t<section class=\"elementor-section elementor-top-section elementor-element elementor-element-cb69ef5 elementor-section-full_width elementor-section-stretched text-light elementor-section-height-default elementor-section-height-default\" data-id=\"cb69ef5\" data-element_type=\"section\" data-settings=\"{&quot;stretch_section&quot;:&quot;section-stretched&quot;,&quot;background_background&quot;:&quot;classic&quot;}\">\n\t\t\t\t\t\t<div class=\"elementor-container elementor-column-gap-no\">\n\t\t\t\t\t<div class=\"elementor-column elementor-col-100 elementor-top-column elementor-element elementor-element-5eebb18\" data-id=\"5eebb18\" data-element_type=\"column\">\n\t\t\t<div class=\"elementor-widget-wrap elementor-element-populated\">\n\t\t\t\t\t\t\t\t<section class=\"elementor-section elementor-inner-section elementor-element elementor-element-5b6f059 elementor-section-content-middle elementor-section-boxed elementor-section-height-default elementor-section-height-default\" data-id=\"5b6f059\" data-element_type=\"section\">\n\t\t\t\t\t\t<div class=\"elementor-container elementor-column-gap-no\">\n\t\t\t\t\t<div class=\"elementor-column elementor-col-50 elementor-inner-column elementor-element elementor-element-57da14a\" data-id=\"57da14a\" data-element_type=\"column\">\n\t\t\t<div class=\"elementor-widget-wrap elementor-element-populated\">\n\t\t\t\t\t\t\t\t<div class=\"elementor-element elementor-element-c455fb9 elementor-widget elementor-widget-crysa_process_img\" data-id=\"c455fb9\" data-element_type=\"widget\" data-widget_type=\"crysa_process_img.default\">\n\t\t\t\t<div class=\"elementor-widget-container\">\n\t\t\t\t<!-- Start Processs Image\r\n    ============================================= -->\r\n    <div class=\"process-style-one\">\r\n        <div class=\"thumb\">\r\n            <img decoding=\"async\" src=\"https:\/\/validthemes.net\/themeforest\/wp\/crysa\/wp-content\/uploads\/2022\/06\/3-1.png\" alt=\"Ada Bilgisayar &amp; G\u00fcvenlik Sistemleri\">\r\n        <\/div>\r\n    <\/div>\r\n    <!-- End Processs Image -->\r\n    \t\t<\/div>\n\t\t\t\t<\/div>\n\t\t\t\t\t<\/div>\n\t\t<\/div>\n\t\t\t\t<div class=\"elementor-column elementor-col-50 elementor-inner-column elementor-element elementor-element-7d1a27d\" data-id=\"7d1a27d\" data-element_type=\"column\">\n\t\t\t<div class=\"elementor-widget-wrap elementor-element-populated\">\n\t\t\t\t\t\t\t\t<div class=\"elementor-element elementor-element-cf8b14e elementor-widget elementor-widget-crysa_process\" data-id=\"cf8b14e\" data-element_type=\"widget\" data-widget_type=\"crysa_process.default\">\n\t\t\t\t<div class=\"elementor-widget-container\">\n\t\t\t\t<!-- Start Processs Style \r\n    ============================================= -->\r\n    <div class=\"processs-style-one\">\r\n        <h4 class=\"sub-heading\">Web Tasar\u0131m<\/h4>\r\n        <h2 class=\"heading\">Web Siteleriniz<br>Bizimle Daha G\u00fcvenli<\/h2>\r\n        <ul class=\"process-list\">\r\n        \t                <li>\r\n                                                                <img decoding=\"async\" src=\"https:\/\/validthemes.net\/themeforest\/wp\/crysa\/wp-content\/uploads\/2022\/06\/arrow.png\" alt=\"Ada Bilgisayar &amp; G\u00fcvenlik Sistemleri\">\r\n                                                            <h4>Modern Web Sitesi<\/h4>\r\n                    <p>\r\n                        Televizyon, Bilgisayar, Tablet ve Telefon ekranlar\u0131n\u0131za uygun ve modern web sitelerinizle kullan\u0131c\u0131lar\u0131na daha konforlu ve kullan\u0131m kolayl\u0131\u011f\u0131 sa\u011flayan web siteleri haz\u0131rl\u0131yoruz.                    <\/p>\r\n                <\/li>\r\n           \t                <li>\r\n                                                                <img decoding=\"async\" src=\"https:\/\/validthemes.net\/themeforest\/wp\/crysa\/wp-content\/uploads\/2022\/06\/arrow.png\" alt=\"Ada Bilgisayar &amp; G\u00fcvenlik Sistemleri\">\r\n                                                            <h4>G\u00fcvenlik Sertifikal\u0131 Web Siteleri<\/h4>\r\n                    <p>\r\n                        Web sitelerinizi daha g\u00fcvenlikli hale getiriyoruz. Kullan\u0131c\u0131lar\u0131n\u0131z\u0131n \u015fifteleri ve ki\u015fisel verileri bizimle daha g\u00fcvende.                    <\/p>\r\n                <\/li>\r\n           \t        <\/ul>\r\n        <div class=\"single-kit mt-30\">\r\n        \t            <div class=\"call\">\r\n                <div class=\"icon\">\r\n                                                                                    <i class=\"fas fa-comments-alt-dollar\"><\/i>\r\n                                    <\/div>\r\n                <div class=\"info\">\r\n                    Sorular\u0131n\u0131z m\u0131 var?\n<h5><a href=\"mailto:info@adabilgisayar.com.tr\">info@adabilgisayar.com.tr<\/a><\/h5>                <\/div>\r\n            <\/div>\r\n                                <\/div>\r\n    <\/div>\r\n    <!-- End Processs Style -->\r\n    \t\t<\/div>\n\t\t\t\t<\/div>\n\t\t\t\t\t<\/div>\n\t\t<\/div>\n\t\t\t\t\t\t\t<\/div>\n\t\t<\/section>\n\t\t\t\t\t<\/div>\n\t\t<\/div>\n\t\t\t\t\t\t\t<\/div>\n\t\t<\/section>\n\t\t<div class=\"elementor-element elementor-element-8a03989 e-flex e-con-boxed e-con e-parent\" data-id=\"8a03989\" data-element_type=\"container\" data-settings=\"{&quot;content_width&quot;:&quot;boxed&quot;}\" data-core-v316-plus=\"true\">\n\t\t\t\t\t<div class=\"e-con-inner\">\n\t\t\t\t<div class=\"elementor-element elementor-element-a2ce68e elementor-widget elementor-widget-spacer\" data-id=\"a2ce68e\" data-element_type=\"widget\" data-widget_type=\"spacer.default\">\n\t\t\t\t<div class=\"elementor-widget-container\">\n\t\t\t<style>\/*! elementor - v3.16.0 - 20-09-2023 *\/\n.elementor-column .elementor-spacer-inner{height:var(--spacer-size)}.e-con{--container-widget-width:100%}.e-con-inner>.elementor-widget-spacer,.e-con>.elementor-widget-spacer{width:var(--container-widget-width,var(--spacer-size));--align-self:var(--container-widget-align-self,initial);--flex-shrink:0}.e-con-inner>.elementor-widget-spacer>.elementor-widget-container,.e-con>.elementor-widget-spacer>.elementor-widget-container{height:100%;width:100%}.e-con-inner>.elementor-widget-spacer>.elementor-widget-container>.elementor-spacer,.e-con>.elementor-widget-spacer>.elementor-widget-container>.elementor-spacer{height:100%}.e-con-inner>.elementor-widget-spacer>.elementor-widget-container>.elementor-spacer>.elementor-spacer-inner,.e-con>.elementor-widget-spacer>.elementor-widget-container>.elementor-spacer>.elementor-spacer-inner{height:var(--container-widget-height,var(--spacer-size))}.e-con-inner>.elementor-widget-spacer.elementor-widget-empty,.e-con>.elementor-widget-spacer.elementor-widget-empty{position:relative;min-height:22px;min-width:22px}.e-con-inner>.elementor-widget-spacer.elementor-widget-empty .elementor-widget-empty-icon,.e-con>.elementor-widget-spacer.elementor-widget-empty .elementor-widget-empty-icon{position:absolute;top:0;bottom:0;left:0;right:0;margin:auto;padding:0;width:22px;height:22px}<\/style>\t\t<div class=\"elementor-spacer\">\n\t\t\t<div class=\"elementor-spacer-inner\"><\/div>\n\t\t<\/div>\n\t\t\t\t<\/div>\n\t\t\t\t<\/div>\n\t\t\t\t\t<\/div>\n\t\t\t\t<\/div>\n\t\t\t\t<section class=\"elementor-section elementor-top-section elementor-element elementor-element-7140699 elementor-section-full_width elementor-section-stretched elementor-section-height-default elementor-section-height-default\" data-id=\"7140699\" data-element_type=\"section\" data-settings=\"{&quot;stretch_section&quot;:&quot;section-stretched&quot;,&quot;background_background&quot;:&quot;classic&quot;}\">\n\t\t\t\t\t\t\t<div class=\"elementor-background-overlay\"><\/div>\n\t\t\t\t\t\t\t<div class=\"elementor-container elementor-column-gap-no\">\n\t\t\t\t\t<div class=\"elementor-column elementor-col-100 elementor-top-column elementor-element elementor-element-05972e2\" data-id=\"05972e2\" data-element_type=\"column\">\n\t\t\t<div class=\"elementor-widget-wrap elementor-element-populated\">\n\t\t\t\t\t\t\t\t<div class=\"elementor-element elementor-element-bf3da79 elementor-widget elementor-widget-crysa_choose\" data-id=\"bf3da79\" data-element_type=\"widget\" data-widget_type=\"crysa_choose.default\">\n\t\t\t\t<div class=\"elementor-widget-container\">\n\t\t\t\t<!-- Start Why Choose Us Style One\r\n    ============================================= -->\r\n    <div class=\"choose-us-area\">\r\n        <div class=\"container\">\r\n            <div class=\"row\">\r\n                <div class=\"choose-us-style-one col-xl-5 col-lg-5\">\r\n                    <h4 class=\"sub-heading\">NEDEN B\u0130Z\u0130 TERC\u0130H ETMEL\u0130S\u0130N\u0130Z?<\/h4>\r\n                    <h2 class=\"heading\">Amac\u0131m\u0131z,<br>\nM\u00fc\u015fteri Memnuniyeti<\/h2>\r\n                    <p class=\"mb--5\">Ofisiniz, eviniz veya fabrikalar\u0131n\u0131z i\u00e7in g\u00fcvenlik hizmeti, alarm sistemleri, kulland\u0131\u011f\u0131n\u0131z bilgisayarlar\u0131n\u0131z i\u00e7in g\u00fcvenlik ve gerekli programlar, i\u015fletmeniz i\u00e7in web sitesi ve i\u015fletmeniz i\u00e7in gerekli ak\u0131nsoft programlar\u0131n\u0131 size sunuyoruz. Hizmetlerimiz kar\u015f\u0131l\u0131\u011f\u0131nda i\u015fletmenizi daha verimli bir \u015fekilde y\u00f6netin.<\/p>\r\n                                    <\/div>\r\n                <div class=\"choose-us-style-one text-center col-xl-6 offset-xl-1 col-lg-7\">\r\n                    <div class=\"right-item\">\r\n                        <div class=\"row\">\r\n                        \t                            <!-- Signle Item -->\r\n                            <div class=\"choose-us-card col-md-6\">\r\n                                <div class=\"item\">\r\n                                    \t\t\t                            \t\t\t                                <img decoding=\"async\" src=\"https:\/\/validthemes.net\/themeforest\/wp\/crysa\/wp-content\/uploads\/2022\/06\/1-1.png\" alt=\"Ada Bilgisayar &amp; G\u00fcvenlik Sistemleri\">\r\n\t\t\t                            \t\t\t                                                                <span>Alarm Sistemleri<\/span>\r\n                                    <h4>G\u00fcvenlik Hizmetleri<\/h4>\r\n                                    <a href=\"\"><\/a>\r\n                                <\/div>\r\n                            <\/div>\r\n                            <!-- End Signle Item -->\r\n                                                        <!-- Signle Item -->\r\n                            <div class=\"choose-us-card col-md-6\">\r\n                                <div class=\"item\">\r\n                                    \t\t\t                            \t\t\t                                <img decoding=\"async\" src=\"https:\/\/validthemes.net\/themeforest\/wp\/crysa\/wp-content\/uploads\/2022\/06\/2.png\" alt=\"Ada Bilgisayar &amp; G\u00fcvenlik Sistemleri\">\r\n\t\t\t                            \t\t\t                                                                <span>Performans<\/span>\r\n                                    <h4>Modern Web Sitesi<\/h4>\r\n                                    <a href=\"\"><\/a>\r\n                                <\/div>\r\n                            <\/div>\r\n                            <!-- End Signle Item -->\r\n                                                    <\/div>\r\n                    <\/div>\r\n                <\/div>\r\n            <\/div>\r\n        <\/div>\r\n    <\/div>\r\n    <!-- End Why Choose Us Style One -->\r\n\t\t\t<\/div>\n\t\t\t\t<\/div>\n\t\t\t\t\t<\/div>\n\t\t<\/div>\n\t\t\t\t\t\t\t<\/div>\n\t\t<\/section>\n\t\t\t\t\t\t\t<\/div>\n\t\t","protected":false},"excerpt":{"rendered":"<p>B\u0130Z K\u0130M\u0130Z? ADA Bilgisayar &#038; G\u00fcvenlik Firmam\u0131z y\u0131llar\u0131n vermi\u015f oldu\u011fu tecr\u00fcbe ve bilgi birikimiyle bili\u015fim sekt\u00f6r\u00fcnde se\u00e7kin bir yere sahip olmu\u015ftur. ADA Bilgisayar, kar\u015f\u0131l\u0131kl\u0131 g\u00fcvene dayal\u0131, insan\u0131 merkez alan i\u015f anlay\u0131\u015f\u0131 ve sekt\u00f6r\u00fcnde bilgi, tecr\u00fcbe birikimi ve g\u00fcvenilirli\u011fi ile meslek ahlak\u0131 ve hizmet kalitesini temel alarak yerli ve yabanc\u0131 uyruklu m\u00fc\u015fterilerine fayda sa\u011flamay\u0131 ama\u00e7 edinmi\u015ftir. [&hellip;]<\/p>\n","protected":false},"author":1,"featured_media":0,"parent":0,"menu_order":0,"comment_status":"closed","ping_status":"closed","template":"page-template\/crystal-template.php","meta":{"footnotes":""},"class_list":["post-378","page","type-page","status-publish","hentry"],"_links":{"self":[{"href":"https:\/\/adabilgisayar.com.tr\/index.php\/wp-json\/wp\/v2\/pages\/378","targetHints":{"allow":["GET"]}}],"collection":[{"href":"https:\/\/adabilgisayar.com.tr\/index.php\/wp-json\/wp\/v2\/pages"}],"about":[{"href":"https:\/\/adabilgisayar.com.tr\/index.php\/wp-json\/wp\/v2\/types\/page"}],"author":[{"embeddable":true,"href":"https:\/\/adabilgisayar.com.tr\/index.php\/wp-json\/wp\/v2\/users\/1"}],"replies":[{"embeddable":true,"href":"https:\/\/adabilgisayar.com.tr\/index.php\/wp-json\/wp\/v2\/comments?post=378"}],"version-history":[{"count":47,"href":"https:\/\/adabilgisayar.com.tr\/index.php\/wp-json\/wp\/v2\/pages\/378\/revisions"}],"predecessor-version":[{"id":2590,"href":"https:\/\/adabilgisayar.com.tr\/index.php\/wp-json\/wp\/v2\/pages\/378\/revisions\/2590"}],"wp:attachment":[{"href":"https:\/\/adabilgisayar.com.tr\/index.php\/wp-json\/wp\/v2\/media?parent=378"}],"curies":[{"name":"wp","href":"https:\/\/api.w.org\/{rel}","templated":true}]}}